{"id":3362,"date":"2020-10-15T15:28:25","date_gmt":"2020-10-15T15:28:25","guid":{"rendered":"http:\/\/rsacervodecor.com.br\/?post_type=product&#038;p=3362"},"modified":"2023-10-26T17:26:40","modified_gmt":"2023-10-26T17:26:40","slug":"macas","status":"publish","type":"product","link":"https:\/\/rsacervodecor.com.br\/index.php\/product\/macas\/","title":{"rendered":"MA\u00c7\u00c3S COR VERMELHO"},"content":{"rendered":"<p>Ma\u00e7\u00e3s em tecido feito artesanalmente.<\/p>\n<p>Loca\u00e7\u00e3o somente das ma\u00e7\u00e3s<\/p>\n","protected":false},"excerpt":{"rendered":"<p>Ma\u00e7\u00e3s em tecido feito artesanalmente. Loca\u00e7\u00e3o somente das ma\u00e7\u00e3s<\/p>\n","protected":false},"featured_media":3363,"template":"","meta":{"_joinchat":[]},"product_cat":[92],"product_tag":[],"_links":{"self":[{"href":"https:\/\/rsacervodecor.com.br\/index.php\/wp-json\/wp\/v2\/product\/3362"}],"collection":[{"href":"https:\/\/rsacervodecor.com.br\/index.php\/wp-json\/wp\/v2\/product"}],"about":[{"href":"https:\/\/rsacervodecor.com.br\/index.php\/wp-json\/wp\/v2\/types\/product"}],"wp:featuredmedia":[{"embeddable":true,"href":"https:\/\/rsacervodecor.com.br\/index.php\/wp-json\/wp\/v2\/media\/3363"}],"wp:attachment":[{"href":"https:\/\/rsacervodecor.com.br\/index.php\/wp-json\/wp\/v2\/media?parent=3362"}],"wp:term":[{"taxonomy":"product_cat","embeddable":true,"href":"https:\/\/rsacervodecor.com.br\/index.php\/wp-json\/wp\/v2\/product_cat?post=3362"},{"taxonomy":"product_tag","embeddable":true,"href":"https:\/\/rsacervodecor.com.br\/index.php\/wp-json\/wp\/v2\/product_tag?post=3362"}],"curies":[{"name":"wp","href":"https:\/\/api.w.org\/{rel}","templated":true}]}}